ue of -125 + 310 + -52 + -286?
-153
Evaluate 100 + -165 - (-2 + 10 + -9).
-64
What is the value of 269 + -253 + -70 + 1?
-53
Evaluate -38 + (118 - 64) + 55.
71
Calculate 10 + (24 - (2 + 11)) + 10 + 7.
38
What is the value of -335 - -365 - (1 + 0 - (-8 - 4))?
17
What is (45 - -7) + (24 - (20 - -11))?
45
(6 - (-44 + 16) - -65) + -37
62
(-8 + 7 - 32) + -77 + 90
-20
What is the value of 4 - (-21 + 15) - -14 - (9 + -1)?
16
What is (441 - 373) + (-3 + 0 - (3 + -6)) + -11?
57
-22 - (36 + (-1 - 41))
-16
What is the value of 126 - (84 - -27 - 84)?
99
Evaluate (-19 - -22) + (19 - 24 - (0 + -47)) + 8.
53
What is the value of (-66 - (-39 + -38)) + -38?
-27
Calculate (-9 - (-14 - 3)) + -14 + -8 - -79.
65
What is -49 - (6 + ((2 - 0) + -3 - (-236 + 231)))?
-59
What is -101 + -22 + (-11 - (-8 + 15)) + 36?
-105
Calculate 55 + -4 + (-35 + 26 - 2).
40
What is the value of -2 + -8 - (-29 + 18) - (2 + 35 + 5)?
-41
Evaluate (-99 + 93 - (5 + -15)) + -22.
-18
51 + 19 + 26 + -45
51
What is the value of 1 - (15 - 25 - (11 - 29))?
-7
Evaluate 84 + (-20 - (22 + 109)).
-67
What is (-2 - -49) + 1 + (152 - 66 - 83)?
51
Calculate 85 + -33 + -8 - 77.
-33
Calculate 406 - 414 - (-19 + -1) - (0 + -2).
14
What is the value of -13 - (-6 - 1 - (8 - -5) - -9 - -12)?
-14
(0 - 6 - -62) + -20 + (42 + -19 - 11)
48
Calculate -21 + 30 + -3 + -11 + -39.
-44
What is (45 + -100 - 11) + 20?
-46
2376 + -2384 - (108 - (-4 + 6))
-114
Calculate 2 + 0 + 3 - (11 + -80 + 69).
5
What is -150 + 197 + (15 - 13)?
49
What is 16 + -1 - 0 - (-136 + (-23 + 48 - -22))?
104
Evaluate 4 - (32 + -63) - 71.
-36
-27 - 1 - (-13 - (-3 + 5)) - 6
-19
Evaluate -52 + (10 - (74 - 64)) + (-6 - 0).
-58
Calculate -227 + (245 - -35) - (16 - 0).
37
What is 160 + -86 + -77 - (-1 - (1 - 3))?
-4
Evaluate -73 - -95 - (-19 + (-2 - -10)).
33
107 - 97 - (11 + -3 - 2 - (0 - -12))
16
What is 213 - 281 - (3 - 8 - 2)?
-61
What is -19 + 5 + ((-33 - -17) + 2 - -91)?
63
Calculate (8 - (32 - (13 - -6))) + (3 - 23) + -3.
-28
-3 + (8 + -3 - (7 + -1)) + (24 - 0)
20
(-51 - (2 - 63)) + -24 + 20
6
What is the value of (2 - 55 - ((16 - -29) + -62)) + (-1 - 4)?
-41
What is the value of 12 - ((10 + -19 - -14) + 13) - -106?
100
What is -3 + 2 - -13 - (-43 + -8 + 123)?
-60
-6 + (12 + -29 - -27) - (43 - -2)
-41
What is the value of -42 + 52 + -118 + 53?
-55
Calculate -7 - (-3 - (13 + -2 + -14 + 41)).
34
Evaluate 175 + (-165 - -105) - 72.
43
Evaluate -69 + -6 + 62 + 8 + (1 - 3).
-7
(-19 + 110 + -11 + 3 - (-5 - -1)) + -5
82
-8 + (6 + 1 - (32 + (-5 - 15) + 0))
-13
Calculate (-33 - -34) + (-2 - -1) + (71 - -9 - -11).
91
What is the value of -2 + (2 - 9) - (-8 + -5 + 8 + -8)?
4
What is the value of 79 + -2 - ((-176 - -172) + (-2 - -1 - 4))?
86
Evaluate -3 + -3 + (4 - (7 - 21)) + 33.
45
Evaluate -19 + (0 + -10 - (-229 - -206)) - -6.
0
Calculate 105 - 7 - (165 + 16).
-83
What is -4 + 2 + 5 + (24 - 29) + 29?
27
Calculate (138 - 252) + (-22 - -11) + -2 + 15.
-112
What is the value of (-10 + -7 - -165) + -75?
73
What is (1 + (0 - 3) - 26) + -3765 + 3761?
-32
What is (-35 - -148) + -39 - 29?
45
Calculate 93 + -48 - 16 - 66.
-37
(125 - (2 + 31)) + 19 - 4
107
-34 + (1 + 6 + -11 + 18 - 8) + 3
-25
What is the value of (-18 - (-12 - (-8 + 5))) + 122?
113
Calculate -14 + (34 - -13) + 19.
52
Evaluate 164 + (-112 - (-49 - -18)).
83
Calculate -119 - -70 - 18 - -134.
67
Calculate -16 + 1 - (-71 + (75 - -23)).
-42
What is 6 - (-53 + 49) - (0 + -36)?
46
What is the value of -74 + 152 + (-42 - 30)?
6
-62 - (8 + 9) - -186
107
Calculate (-79 - -195) + 13 + -8 + -39.
82
What is the value of (-122 - (-28 + -92)) + 109?
107
What is the value of -13 - (20 + -62) - (2 + 16)?
11
What is the value of (-20 - -23 - (-1 + 14) - -14) + 22?
26
-3405 + 3402 - (-61 + -3 + 2)
59
Calculate -131 + (-98 - -146 - -36).
-47
What is the value of (-2 - (-6 + -4) - -13) + 2?
23
What is -62 + 87 + (57 - 109)?
-27
What is the value of -55 + -3 + (10 - (7 + -5 - 2)) + 8?
-40
What is the value of (-9 - (-57 + -5 + 37 + -30)) + -9?
37
What is the value of -16 + -3 + (-42 - -15) - 6?
-52
-4 - -2 - -13 - -1 - (463 + -509)
58
What is the value of -78 - (-58 + 11 + 42)?
-73
24 + (-2 - -34 - (17 - 70))
109
(-8 - 20) + 48 - (60 - 2)
-38
Evaluate 0 - (77 + -59 - (2 + 29)).
13
What is (31 + -34 - 7 - (-12 - 125)) + (0 - 7)?
120
What is -41 - -2 - ((556 - 535) + (-10 - 1))?
-49
Evaluate 2757 + -2853 + (182 - -2).
88
-52 + 1 + 200 + -149
0
Evaluate (-27 - (38 - -21)) + 9 + 11.
-66
-5 + (-11 - (-28 + -2)) - -17
31
Calculate -36 + (58 - (-218 + 122)).
118
What is (10 - -14) + -19 + -12 - 0 - (-80 - 2)?
75
(1163 - 1143) + (-119 - (-2 + -10 - -6))
-93
Calculate -26 + (45 - 6) - (61 - 1).
-47
-1 + 2 + 9 + 4871 + -4856
25
Evaluate 96 - (218 - 143) - (-80 - 2).
103
Evaluate -5155 + 5164 + -1 + 1 + -1 + 1 + -3.
6
What is 19 - (-17 - -28) - -1 - (3 + 9)?
-3
What is 1 + (-14 - (-38 + 8 - -13)) + 43?
47
What is the value of -44 + -5 + -23 + 51 + -19?
-40
Evaluate 63 + 0 + 75 + -71 + 0 + -7 + 3.
63
What is -21 - (16 + 0 + 1 + (-24 - -17))?
-31
Calculate 59 - (-15 + 46 + -32).
60
What is the value of 5 + -1 + -1 - (44 - 18 - -5)?
-28
What is 10 + -14 + (-1 - 6) - (-22 + -1)?
12
(32 - 14 - 8) + (-7 - -31)
34
What is (3830 - 3739) + (-3 - (-21 - 6))?
115
What is -33 - (-55 + 43 - 19)?
-2
What is the value of 17 - (24 - -26 - 17)?
-16
Calculate -6 - ((-14 - 0) + (2 + -67 - -28)).
45
Evaluate 31 - (-123 - (-2 + -100)).
52
(68 - (0 - -2)) + -25 + -25 + -15 + 62
63
What is 26 + (49 - (0 - (13 - 2)))?
86
What is the value of 1 + 1 + -12 + -79 + 14 + 157?
82
What is 54 + -5 + (14 - 11 - 4) + 1?
49
Calculate -26 + (-25 - -61) + 40 - (6 - 3 - 4).
51
What is 29 - (-32 - -55) - (-4 + 1 + -59)?
68
Calculate -42 - (3 + -31) - -11 - 46.
-49
16 - (3 - (215 - 131))
97
Evaluate 64 + (6 - (5 + 2 - (-107 + 107))).
63
-82 - (21 + (-30 - -21) + 16 + -6)
-104
What is -2 + (-7 - (46 + -21)) + 13?
-21
2 + -16 + (-1 - -3) + (162 - 51) + -105
-6
What is the value of -1 + -9 + (-3 - ((-13 - -23) + -9 + -5))?
-9
-110 + 13 + 89 + -3
-11
What is -622 + 617 + (-3 + (1 - -3) - -42)?
38
What is the value of (81 - 107) + 23 + 0 - (-2 + -62)?
61
What is the value of -6 + -21 - (-5 - 7) - 12?
-27
Evaluate -228 - -163 - (67 - 36).
-96
Evaluate 55 - (31 + 32 + -11).
3
Calculate 3 - 11 - 1 - (-253 + 235).
9
What is the value of (73 - 36 - 50) + 45?
32
Calculate 5 + (-109 - -2) + (51 - 43) + -5.
-99
-47 + 45 + (5 - -41) + -138
-94
-51 - -28 - (-43 + 82 - -4)
-66
Calculate -72 + 85 + 5 + 105 + -5 + 0 + -13.
105
-62 + 64 + (-1 - -75)
76
(0 - 0 - -15) + (-30 - (-4 + -32))
21
17 - (15 + (18 - -59) + -1 - -1)
-75
-79 + (-3 + -32 + 21 - 15)
-108
What is the value of (34 - 4 - 10) + -2?
18
What is the value of (-18 - (0 - 3)) + (-564 - -573)?
-6
Calculate -4 + -9 - (-15 + 19 + -8) - -13.
4
What is the value of -17 + -1 + (31 - 37 - -13) + 78?
67
What is 9 + (-1 - -9) + (198 - 321) + 1 + 5?
-100
Evaluate (9 - (-13 + 5)) + (-57 - -5).
-35
-107 + (92 - 44 - -158)
99
-5 + 0 + (7 + (32 - 56) - (1 - -18))
-41
Evaluate -4 + 20 + (-52 - (-12 + -11)) + -13.
-26
Calculate -26 + -69 + 14 - -18 - -11.
-52
Calculate (10 - (19 + -8)) + -120 + 10.
-111
(1 + 5 - (53 + -41)) + 14 - 12
-4
Evaluate -8 + (0 + (-7 - 9) - -30) + (-56 - 1).
-51
Evaluate 44 + (3 - (-14 - -1)) + -30 + 8 + 17.
55
49 + -7 + (1 - 44)
-1
What is (-64 + 72 - -104) + -12?
100
What is the value of (-25 + 0 - 1) + 5076 + -5087?
-37
Evaluate (91 - 143) + -6 + 9 + 4.
-45
Evaluate 2 - (-1 + -11 + (-13 - -12)).
15
What is (30 - -3) + (139 - (-31 + 96))?
107
What is (-621 - -682) + (3 - (-2 - -1))?
65
Evaluate -14 - -7 - (-17 + 3 - -34).
-27
Calculate 36 - (0 + 18 + 67).
-49
-1 - -12 - (2 + 51 - (-217 + 224))
-35
What is the value of 13 + (3 + (18 - (3 + 4)) - 6)?
21
What is the value of (0 - (8 + -2)) + -5 + (30 - 52)?
-33
What is (4 - 6 - -26) + -27 + (36 - 7)?
26
What is the value of -96 + 39 - -101 - 47?
-3
What is -23 - ((-9 - (3 - 2)) + (-5 - -28) + -12)?
-24
What is the value of (-6 + 43 - 0) + (835 - 859)?
13
What is the value of 73 - (115 - 2 - 62)?
22
-52 + -5 + 3 + -4 - (-84 + 66)
-40
-2 + (5 - (1 - (20 - 24)) - -14)
12
Evaluate 38 + -2 - (108 - (35 - -25)).
-12
What is the value of -33 - ((-20 - 14) + 14 + 3)?
-16
-155 + 154 + (-1 - -23)
21
Calculate (-42 + (-1 - -22) - -30) + 8 + 1.
18
16 + 48 + -40 + (31 - (5 